768. Determine x(57).
18
Let v(g) = -190*g**3 + 4*g**2 + 8*g - 13. Calculate v(1).
-191
Let k(i) = -21472*i + 64481. What is k(3)?
65
Let a(g) = -1424*g - 8560. Determine a(-6).
-16
Let h(u) = -u**3 - 24*u**2 - 130*u + 67. Give h(-16).
99
Let m(b) = 589*b - 5947. Determine m(10).
-57
Let r(h) = -5*h**2 - 317*h - 1272. Give r(-59).
26
Let t(x) = 741*x + 492010. Calculate t(-664).
-14
Let y(l) = 9*l**3 + 156*l**2 + 39*l - 263. What is y(-17)?
-59
Let m(x) = 2*x**2 - 64*x - 76. Determine m(35).
134
Let a(s) = -s**2 + 618*s - 92588. Calculate a(255).
-23
Let b(d) = -d**3 + 3*d**2 - 1053*d + 3159. Determine b(3).
0
Let q(h) = -2*h**3 + 32*h**2 - 48*h - 13. Calculate q(16).
-781
Let u(y) = 2*y**2 + 71*y + 982. Calculate u(-24).
430
Let o(n) = -3*n**2 + 566*n - 15012. Determine o(29).
-1121
Let t(l) = -129740*l + 389238. What is t(3)?
18
Let q(a) = -367*a - 1599. Determine q(-4).
-131
Let c(m) = 4*m**3 + 32*m**2 + 142*m + 1090. Determine c(-8).
-46
Let y(b) = -10*b**3 + 448*b**2 + 89*b + 104. Calculate y(45).
59
Let a(q) = -134*q**2 - 45*q + 33. What is a(1)?
-146
Let a(j) = -574*j**2 + 3026*j - 773. Give a(5).
7
Let a(i) = -114*i + 8725. Determine a(58).
2113
Let n(q) = -q**2 - 2487*q + 62697. What is n(25)?
-103
Let a(q) = 7*q**2 + 1433*q - 49824. Determine a(-235).
-4
Let m(l) = l**3 - 338*l**2 + 1063*l - 475287. Determine m(339).
-9
Let z(a) = -62*a**2 + 609*a - 118. Determine z(7).
1107
Let g(p) = 58*p**3 + 503*p**2 + 1109*p + 32. Give g(-4).
-68
Let s(d) = -d**2 + 67*d + 2406. Calculate s(84).
978
Let h(d) = 20*d**2 + 80*d - 474250. What is h(-156)?
-10
Let m(z) = -z**2 + 4*z + 8083. What is m(91)?
166
Let h(y) = -y**3 - 38*y**2 - 437*y + 1026. Calculate h(2).
-8
Let m(b) = -9369*b - 6595778. What is m(-704)?
-2
Let t(r) = 2*r**3 + 224*r**2 + 512*r - 432. Give t(-3).
-6
Let l(h) = h**3 - 81*h**2 + 10*h - 973. What is l(81)?
-163
Let b(i) = i**2 + 95*i + 2732. Calculate b(-35).
632
Let g(h) = -h**3 + 310*h**2 - 315*h + 1845. Determine g(309).
-9
Let t(y) = 40*y**2 + 2089*y + 14623. Give t(-7).
1960
Let y(p) = -134*p**2 + 4342*p + 17386. Give y(-4).
-2126
Let t(d) = -3*d**3 + 50*d**2 - 182*d - 198. Calculate t(9).
27
Let v(d) = 43*d**2 - 1908*d - 16972. Calculate v(52).
84
Let s(p) = -330*p - 4175. Calculate s(-10).
-875
Let a(l) = l**3 - 40*l**2 - 148*l - 1274. Give a(44).
-42
Let s(i) = -72*i**2 + 7617*i + 1707. Determine s(106).
117
Let r(h) = 33*h**2 - 5318*h - 68549. Give r(-12).
19
Let h(s) = 15*s**2 + 1035*s - 7988. Calculate h(7).
-8
Let g(d) = 129*d**2 + 864*d + 40. Determine g(-7).
313
Let s(f) = -6*f**2 - 753*f - 3622. Calculate s(-5).
-7
Let g(d) = 228*d + 12767. What is g(-55)?
227
Let w(v) = 422*v + 9769. Calculate w(-28).
-2047
Let u(r) = 3*r**3 - 62*r**2 - 146*r - 47. Give u(-2).
-27
Let t(w) = -245*w + 1409. Calculate t(7).
-306
Let g(i) = -i**2 + 310*i - 20004. Give g(92).
52
Let c(u) = -89*u - 52. What is c(1)?
-141
Let a(i) = 138*i**2 - 829*i + 56. Determine a(6).
50
Let r(s) = 765*s - 3014. What is r(4)?
46
Let o(a) = -794*a**3 - 2*a**2 + 1. What is o(-1)?
793
Let q(x) = 3230*x - 9610. Calculate q(3).
80
Let p(x) = x**2 + 364*x + 27032. What is p(-103)?
149
Let j(w) = w**2 + 7168*w + 1440935. What is j(-207)?
8
Let b(w) = -1085*w - 96589. What is b(-89)?
-24
Let d(v) = 2*v**2 + 11863*v + 342361. Calculate d(-29).
16
Let q(k) = -52638*k + 2000241. What is q(38)?
-3
Let z(y) = -y**2 - 712*y + 102785. Give z(123).
80
Let b(a) = -311160*a - 7156691. Give b(-23).
-11
Let a(j) = 406*j - 640. Determine a(2).
172
Let q(v) = -v**2 - 272*v + 6083. Calculate q(22).
-385
Let z(r) = 4*r**2 - 24*r + 36. What is z(15)?
576
Let p(v) = -812*v - 518876. Calculate p(-639).
-8
Let r(p) = -32*p**2 + 463*p - 276. Determine r(14).
-66
Let m(d) = 3*d**3 + 41*d**2 - 62*d - 721. Determine m(-14).
-49
Let v(g) = 338*g**3 + 359290*g**2 - 4250*g + 2127. Give v(-1063).
1
Let b(r) = -r**2 - 2551*r - 856897. Calculate b(-398).
-3
Let t(b) = -387858*b + 387861. What is t(1)?
3
Let i(c) = c**2 + 67*c - 3229. What is i(-100)?
71
Let o(g) = -6*g**2 - 17621*g + 35248. Calculate o(2).
-18
Let t(q) = 161*q + 1264. Calculate t(-5).
459
Let k(a) = 152*a**2 + 9872*a - 488. Calculate k(-65).
32
Let u(y) = y**2 + 578*y + 25386. Give u(-48).
-54
Let m(y) = 11*y**2 - 261*y - 1848. Determine m(-7).
518
Let o(p) = -293*p + 50035. Give o(172).
-361
Let n(j) = -2294*j + 1793922. What is n(782)?
14
Let q(f) = f**2 - 23700*f + 1677661. Calculate q(71).
2
Let y(l) = l**2 + 611999*l - 5508068. Give y(9).
4
Let d(v) = v**2 + 285*v + 3158. Give d(-274).
144
Let v(b) = -16305*b - 1336948. Calculate v(-82).
62
Let s(r) = -2*r**3 + 39*r**2 + 24766*r - 373508. Calculate s(15).
7
Let b(q) = 306*q - 16727. Determine b(54).
-203
Let p(u) = -u**3 + 52*u**2 + 53*u + 6194. Determine p(55).
34
Let p(r) = -3917*r - 317282. What is p(-81)?
-5
Let u(h) = 12*h**3 - 7*h**2 - 48*h + 4. What is u(-5)?
-1431
Let t(h) = -h**3 + 310*h**2 + 31201*h + 56. Determine t(-80).
-24
Let s(y) = -1022*y + 307537. Give s(301).
-85
Let d(a) = -2*a**3 + 34*a**2 - 124*a + 583. Determine d(14).
23
Let n(s) = -3187*s - 111537. What is n(-35)?
8
Let x(q) = -2*q**3 + 82*q**2 + 160*q - 2342. Give x(42).
850
Let f(c) = 2*c**2 - 577*c - 76972. What is f(388)?
240
Let c(q) = 6352*q - 19229. Give c(3).
-173
Let h(y) = 5349*y - 224709. What is h(42)?
-51
Let d(f) = 77228*f + 3089154. Give d(-40).
34
Let s(c) = 22*c**2 + 281*c + 24. What is s(-19)?
2627
Let j(f) = 4*f**3 + 1133*f**2 + 283*f + 637. Determine j(-283).
637
Let b(r) = r**3 - 346*r**2 - 1660*r + 335453. Calculate b(348).
-19
Let d(x) = 2*x**2 + 450620*x + 6308280. Determine d(-14).
-8
Let m(p) = p**3 + 42*p**2 - 136*p - 73. Give m(-45).
-28
Let p(j) = -944*j**2 + 5554*j + 649. What is p(6)?
-11
Let j(u) = -232*u**2 + 64*u + 39. What is j(-1)?
-257
Let m(q) = q**2 + 1367*q - 47367. Determine m(34).
267
Let d(p) = 10*p**2 + 149*p + 38. Give d(-21).
1319
Let x(p) = -37*p**2 - 130*p + 666. Determine x(3).
-57
Let t(s) = -20*s**2 - 846*s + 2416. Calculate t(-45).
-14
Let k(m) = -1055538*m + 3166603. Determine k(3).
-11
Let s(j) = 29*j**2 - 1569*j + 19889. Determine s(34).
67
Let m(r) = 165*r**2 - 1053*r + 385. Give m(6).
7
Let n(b) = b**2 + 514*b + 17357. Give n(-36).
149
Let s(n) = 2111*n + 2280. Give s(-1).
169
Let x(q) = 860074*q + 10320878. Calculate x(-12).
-10
Let a(d) = 821*d + 18062. Calculate a(-22).
0
Let t(s) = 10927*s - 134387. Calculate t(12).
-3263
Let o(k) = -46342*k - 324465. Determine o(-7).
-71
Let b(p) = -4*p**2 + 375*p + 261869. What is b(307)?
-2
Let g(u) = -83*u**2 - 2803*u - 11536. Determine g(-29).
-52
Let c(j) = -2*j**3 + 32*j**2 - 10*j - 414. What is c(14)?
230
Let p(m) = 756*m - 163. Give p(-1).
-919
Let f(u) = u**3 + 35*u**2 + 64*u - 128. Determine f(-33).
-62
Let b(r) = -2574*r - 1974347. What is b(-767)?
-89
Let m(d) = -d**3 + 62*d**2 + 254*d - 830. What is m(66)?
-1490
Let a(n) = -3*n**2 - 113*n - 636. Determine a(-6).
-66
Let u(t) = -1996*t + 6073. Determine u(3).
85
Let p(i) = -2*i**2 + 2978*i + 14832. Give p(-5).
-108
Let m(y) = -y**3 + 53*y**2 + 1619*y + 22. Determine m(75).
-2303
Let o(s) = 23506*s + 16947880. Give o(-721).
54
Let g(k) = -2*k**2 + 42711*k - 298883. Give g(7).
-4
Let s(o) = -o**3 - 11*o**2 + 189*o - 1210. What is s(7)?
-769
Let c(q) = -205*q**2 + 924*q + 526. What is c(5)?
21
Let r(d) = 19*d**3 + 2*d**2 - 12*d + 27. Determine r(3).
522
Let r(d) = -d**2 + 141948*d - 283901. Calculate r(2).
-9
Let b(a) = 2*a**3 + 292*a**2 + 4610*a + 304. What is b(-128)?
48
Let m(v) = -5*v**2 - 283*v - 1065. Give m(-4).
-13
Let h(y) = 112*y**2 + 930*y + 68. Give h(-9).
770
Let a(m) = 83786*m - 1256784. What is a(15)?
6
Let p(x) = 154*x - 409. Calculate p(12).
1439
Let p(l) = -13663*l + 54638. Determine p(4).
-14
Let h(l) = 293*l + 447. Determine h(-4).
-725
Let j(y) = 14307*y + 3777047. What is j(-264)?
-1
Let y(o) = -4*o**2 - 2489*o - 73298. Give y(-31).
17
Let o(r) = -824*r - 10202. Give o(-12).
-314
Let t(s) = -2*s**3 + 10*s**2 - 1362*s + 6801. Determine t(5).
-9
Let d(p) = 656162*p + 12467077. Give d(-19).
-1
Let b(x) = -39*x + 2595. Determine b(91).
-954
Let k(v) = 2638*v - 65958. Give k(25).
-8
Let j(i) = -289*i + 8546. Calculate j(26).
1032
Let n(c) = 230*c**2 + 640*c - 641. Give n(1).
229
Let l(c) = -5*c**3 - 8538*c**2 + 34